{"id":24,"date":"2026-01-04T21:37:23","date_gmt":"2026-01-04T21:37:23","guid":{"rendered":"https:\/\/www.ha-ejendomme.dk\/?page_id=24"},"modified":"2026-01-05T00:18:12","modified_gmt":"2026-01-04T23:18:12","slug":"om-os","status":"publish","type":"page","link":"https:\/\/www.ha-ejendomme.dk\/?page_id=24","title":{"rendered":"Om os"},"content":{"rendered":"\n<p>HA Ejendomme har eksisteret siden 1984 og udlejer udelukkende egne lejem\u00e5l. <br><br>Vores portef\u00f8lje omfatter b\u00e5de bolig- og erhvervslejem\u00e5l i Esbjerg og omegn. <br><br>Siden 2004 har vi ogs\u00e5 tilbudt m\u00f8blerede v\u00e6relser, lejligheder og r\u00e6kkehuse i hjertet af Esbjerg \u2013 t\u00e6t p\u00e5 alt, hvad byen har at byde p\u00e5.<\/p>\n\n\n\n<p><\/p>\n\n\n\n<p><\/p>\n\n\n\n<p><\/p>\n\n\n\n<p><\/p>\n","protected":false},"excerpt":{"rendered":"<p>HA Ejendomme har eksisteret siden 1984 og udlejer udelukkende egne lejem\u00e5l. Vores portef\u00f8lje omfatter b\u00e5de bolig- og erhvervslejem\u00e5l i Esbjerg og omegn. Siden 2004 har vi ogs\u00e5 tilbudt m\u00f8blerede v\u00e6relser, lejligheder og r\u00e6kkehuse i hjertet af Esbjerg \u2013 t\u00e6t p\u00e5 &hellip; <a href=\"https:\/\/www.ha-ejendomme.dk\/?page_id=24\">L\u00e6s resten <span class=\"meta-nav\">&rarr;<\/span><\/a><\/p>\n","protected":false},"author":1,"featured_media":0,"parent":0,"menu_order":0,"comment_status":"closed","ping_status":"closed","template":"","meta":{"footnotes":""},"class_list":["post-24","page","type-page","status-publish","hentry"],"_links":{"self":[{"href":"https:\/\/www.ha-ejendomme.dk\/index.php?rest_route=\/wp\/v2\/pages\/24","targetHints":{"allow":["GET"]}}],"collection":[{"href":"https:\/\/www.ha-ejendomme.dk\/index.php?rest_route=\/wp\/v2\/pages"}],"about":[{"href":"https:\/\/www.ha-ejendomme.dk\/index.php?rest_route=\/wp\/v2\/types\/page"}],"author":[{"embeddable":true,"href":"https:\/\/www.ha-ejendomme.dk\/index.php?rest_route=\/wp\/v2\/users\/1"}],"replies":[{"embeddable":true,"href":"https:\/\/www.ha-ejendomme.dk\/index.php?rest_route=%2Fwp%2Fv2%2Fcomments&post=24"}],"version-history":[{"count":5,"href":"https:\/\/www.ha-ejendomme.dk\/index.php?rest_route=\/wp\/v2\/pages\/24\/revisions"}],"predecessor-version":[{"id":46,"href":"https:\/\/www.ha-ejendomme.dk\/index.php?rest_route=\/wp\/v2\/pages\/24\/revisions\/46"}],"wp:attachment":[{"href":"https:\/\/www.ha-ejendomme.dk\/index.php?rest_route=%2Fwp%2Fv2%2Fmedia&parent=24"}],"curies":[{"name":"wp","href":"https:\/\/api.w.org\/{rel}","templated":true}]}}